011100110
What is 5c6650 (base 13) in base 15?
2dac8d
What is -364315 (base 7) in base 14?
-1a27c
-5205335 (base 6) to base 5
-31000133
Convert 1065240 (base 9) to base 3.
1002012021100
Convert -124544552 (base 7) to base 5.
-4020242101
What is 3d8c (base 15) in base 9?
20066
1100110111001101111 (base 2) to base 9
712148
What is -11012221200 (base 3) in base 13?
-2ba70
What is -1000102210 (base 3) in base 11?
-14033
What is 212334 (base 6) in base 5?
1024120
Convert cc065 (base 16) to base 5.
203220220
What is -212110000020 (base 3) in base 10?
-461463
314534 (base 8) to base 10
104796
24206c (base 14) to base 10
1234896
Convert -44502 (base 10) to base 12.
-21906
What is 1c82ec (base 16) in base 13?
505648
Convert -64da5 (base 14) to base 13.
-8719c
What is -7858a8 (base 12) in base 3?
-10121102111102
985f (base 16) to base 15
b857
-66254770 (base 8) to base 6
-1225150012
-111000000010101100111001 (base 2) to base 14
-1d45ca5
Convert 10000010010111001001 (base 2) to base 11.
33519a
-45268 (base 11) to base 15
-14640
22100102121 (base 3) to base 8
500762
What is -230138 (base 12) in base 15?
-b0e25
-741377 (base 8) to base 15
-4d0a2
What is -564440 (base 7) in base 8?
-303305
-e01b (base 15) to base 2
-1011100010101100
-3126234 (base 7) to base 9
-633706
What is -2523664 (base 7) in base 5?
-40404004
Convert -1397c8 (base 13) to base 16.
-74b90
Convert -227dc (base 16) to base 10.
-141276
2a82730 (base 12) to base 9
17214050
-8d09a (base 15) to base 7
-3550045
Convert -1010100100 (base 3) to base 2.
-101011001101010
8ce524 (base 15) to base 10
6730909
53135153 (base 6) to base 9
2825516
10101011000000100011111 (base 2) to base 12
1a629bb
-1220222111200 (base 3) to base 5
-230220111
What is -30043063 (base 7) in base 16?
-25dc9b
What is -101111110101011010100110 (base 2) in base 16?
-bf56a6
What is 4462 (base 12) in base 3?
101101002
-115004036 (base 7) to base 12
-24a1b18
What is 11100002011201 (base 3) in base 8?
10624760
2d7c (base 16) to base 15
36b4
What is 25383 (base 15) in base 12?
589a3
What is 110007 (base 10) in base 15?
228dc
What is -26c187 (base 13) in base 12?
-3943b0
Convert 200021012 (base 5) to base 11.
495004
What is -50541215 (base 6) in base 7?
-15163016
Convert 245123244 (base 6) to base 7.
55101523
Convert -1102032133 (base 4) to base 2.
-1010010001110011111
Convert -1105421 (base 7) to base 13.
-4a0cc
-97e7 (base 15) to base 16
-7da7
Convert -2408364 (base 9) to base 5.
-313231321
-18021a8 (base 11) to base 16
-2ebc56
Convert 3b915 (base 16) to base 11.
157349
Convert -1354130 (base 7) to base 5.
-21302032
-20132011 (base 7) to base 13
-466c33
Convert -1155551 (base 8) to base 16.
-4db69
2628c (base 14) to base 11
64534
What is 1c4fb4 (base 16) in base 14?
364256
What is 1223a3a (base 12) in base 15?
49b6ca
Convert -100100111000111101 (base 2) to base 10.
-151101
Convert -146542624 (base 7) to base 4.
-211213012300
2022111001 (base 3) to base 10
45550
-241576b (base 13) to base 10
-11179608
Convert -19b4b (base 14) to base 9.
-108554
Convert 29214 (base 10) to base 15.
89c9
b33be (base 16) to base 5
141443032
Convert 242223 (base 6) to base 8.
51407
What is -214513554 (base 6) in base 9?
-7243257
Convert 2153030 (base 6) to base 10.
108234
343330 (base 8) to base 6
2255024
-101010001001011011100000 (base 2) to base 13
-239ac9b
What is -20244432 (base 5) in base 3?
-22102011222
Convert -100211123010 (base 4) to base 8.
-20453304
8002 (base 14) to base 13
9cba
11022110211211 (base 3) to base 5
1041330332
Convert -a25479 (base 11) to base 13.
-458888
What is -7b7db (base 15) in base 3?
-201222110222
Convert -32525110 (base 6) to base 2.
-11101110001101100010
Convert 153383 (base 11) to base 8.
722157
-b75c3 (base 15) to base 11
-368137
-893083 (base 11) to base 3
-2200100201102
-7230517 (base 8) to base 10
-1913167
13034023 (base 5) to base 3
20110202002
Convert 2ab96 (base 13) to base 10.
81074
What is -100100010110011011 (base 2) in base 8?
-442633
Convert 2bad (base 16) to base 14.
4109
-8d2d8 (base 16) to base 15
-b650e
Convert 419435 (base 11) to base 8.
2437162
1433203 (base 6) to base 4
110013003
What is 9c57c (base 16) in base 14?
129536
What is 1727642 (base 11) in base 2?
1011001101010110110001
Convert -1122143 (base 5) to base 11.
-14283
Convert 5c8de8 (base 15) to base 4.
100322221112
-86070 (base 13) to base 16
-3b061
Convert 3330303110 (base 4) to base 5.
231113401
-3410532 (base 6) to base 8
-521030
e9b83 (base 16) to base 2
11101001101110000011
-72645 (base 8) to base 4
-13112211
10010001011100100111 (base 2) to base 5
123031001
-11411420 (base 5) to base 3
-12102221001
-3007 (base 12) to base 2
-1010001000111
15317246 (base 8) to base 9
6545288
What is -4637b (base 12) in base 14?
-262ab
-6613331 (base 7) to base 2
-11000101110101011111
Convert -531d9 (base 15) to base 7.
-2145513
What is 264419 (base 12) in base 3?
1011222122010
214423130 (base 6) to base 12
1361aa6
Convert 1db15 (base 15) to base 10.
96995
-23bceb (base 16) to base 6
-122111055
What is -27b213 (base 14) in base 13?
-391c00
What is -232400 (base 7) in base 12?
-2016b
100101011011001110001 (base 2) to base 10
1226353
Convert 2232053 (base 8) to base 10.
603179
Convert -211220030 (base 4) to base 10.
-154124
Convert -3a966 (base 14) to base 16.
-2349e
-746099 (base 10) to base 16
-b6273
37515672 (base 8) to base 2
11111101001101110111010
Convert -123230343 (base 5) to base 16.
-92f75
Convert -520226 (base 8) to base 15.
-3603c
What is -1220332104 (base 5) in base 4?
-23010202022
-4222310402 (base 5) to base 16
-862538
-1ac12b (base 16) to base 10
-1753387
Convert -32665431 (base 7) to base 4.
-22301033010
11011001101011111 (base 2) to base 15
23055
Convert -1466308 (base 9) to base 7.
-6620156
30333231321 (base 4) to base 15
4745e3
Convert 210102201201 (base 3) to base 10.
421894
What is -4773671 (base 8) in base 6?
-44014201
What is -584820 (base 13) in base 6?
-112523343
232c46 (base 13) to base 14
17a2cd
What is 177659 (base 11) in base 12?
112439
1019723 (base 12) to base 8
13420713
56a (base 12) to base 11
66a
Convert -463120 (base 8) to base 3.
-21222201121
What is 1613050 (base 8) in base 7?
3643002
What is -703840 (base 9) in base 16?
-659d6
350aa52 (base 11) to base 6
335252311
b5ca59 (base 14) to base 7
103133642
-102553044 (base 8) to base 3
-1012220110012100
Convert 26269 (base 14) to base 16.
16e55
-52705 (base 11) to base 10
-76719
-44210225 (base 6) to base 2
-101000011000100101001
41640614 (base 7) to base 6
203300112
408258 (base 9) to base 6
5105255
-2021200102102 (base 3) to base 11
-75a191
What is -6404332 (base 7) in base 15?
-1047e4
What is -14232220 (base 8) in base 14?
-5dd292
What is -1a9d61 (base 15) in base 3?
-2102222220201
What is -508644 (base 12) in base 9?
-2327787
-21110011203 (base 4) to base 12
-998b43
What is 106241665 (base 7) in base 15?
88a3b7
-59607 (base 13) to base 6
-3301223
Convert 2131301233 (base 4) to base 8.
2356157
71376 (base 11) to base 10
104264
31830c6 (base 13) to base 4
321203111301
Convert 12404501 (base 7) to base 11.
700280
-110000201321 (base 4) to base 12
-190b3b5
What is 1cc4be (base 16) in base 8?
7142276
What is 13400100 (base 5) in base 7?
1111643
Convert -767332 (base 8) to base 13.
-90423
What is -8e295 (base 16) in base 5?
-122113133
2200232323 (base 4) to base 7
5411266
-4d6aa (base 14) to base 16
-2e8c6
-340110324 (base 5) to base 4
-11223111112
Convert 5c48bc (base 13) to base 10.
2209492
What is 1765051 (base 9) in base 7?
11253001
Convert 25225121 (base 7) to base 8.
10534306
Convert 1323623 (base 12) to base 7.
44062326
-1542122 (base 6) to base 14
-25346
-539e31 (base 15) to base 14
-7593d7
Convert 2010011021011 (base 3) to base 6.
40040304
5c4bbf (base 16) to base 8
27045677
Convert 101100000000 (base 3) to base 10.
203391
What is -13242431 (base 5) in base 6?
-2512524
What is 12aaa15 (base 12) in base 4?
32021230301
-311030013 (base 4) to base 8
-651407
What is 20023140 (base 5) in base 8?
464340
-5840660 (base 10) to base 5
-2443400120
131402132 (base 5) to base 14
1301a9
What is -693a6 (base 11) in base 12?
-4a068
-1201222023 (base 4) to base 9
-668636
What is 10000111001010100010 (base 2) in base 12?
228482
-104a9 (base 16) to base 6
-1232533
-110334100 (base